Suppose 0 = -2*a + 4*a - 32. Let h = a - 16. Suppose h*n - n + 19 = 0. What is the tens digit of n?
1
Let n = 17 - 13. Suppose -b + 1011 = n*j, 3*j + 3*b - b = 762. Suppose -77 = 5*c - j. What is the tens digit of c?
3
Suppose 311 = 6*r - 1009. What is the hundreds digit of r?
2
Let h be 2/8 - (-187)/68. Suppose -3*g - 2*g - h*n + 57 = 0, -3*n + 9 = g. Suppose 0*b + 3*c - 34 = -2*b, -3*c + g = 0. What is the units digit of b?
1
Suppose 5*i + 5*x - 2960 = 0, 6*x - 2*x + 607 = i. What is the hundreds digit of i?
5
Let q(i) = -i**3 + 9*i**2 + 4*i + 5. Let s be (((-10)/15)/1)/((-2)/24). What is the hundreds digit of q(s)?
1
Suppose -538 = 10*t - 2608. Let a be 2*((-5)/(-2) + -1). Suppose -h = 5*c - t, -a*c + 68 + 43 = 5*h. What is the units digit of c?
2
Suppose -4*b - 5*u = -191, -231 = -4*b + 9*u - 6*u. What is the units digit of b?
4
Suppose h = 4*b - 1791 - 104, 2*b + 3*h = 951. What is the tens digit of b?
7
Let s(a) = -43*a**3 + 5*a**2 + 3*a + 6. What is the units digit of s(-5)?
1
Suppose -5*k = 2*o - 1586, -15*o - 4*k - 780 = -16*o. What is the hundreds digit of o?
7
Let d(q) = 152*q**2 + 31*q + 112. What is the thousands digit of d(-6)?
5
Let r be (-1)/(21/(-2085)) - (-16)/(-56). What is the tens digit of (0 - -3) + 4/(12/r)?
3
Suppose 1594 = 2*o + 22*x - 19*x, -5*o + 3985 = -2*x. What is the tens digit of o?
9
Let b(s) = 134*s**2 - 3*s - 12. What is the tens digit of b(-3)?
0
Let v = 17 + -17. Suppose v = 2*t - 4 - 58. What is the units digit of t?
1
Let a = 84 + -44. Let t = -23 + a. What is the tens digit of t?
1
Let n(c) = c**2 - 4*c - 30. Let z be n(0). Let b = 9 - z. What is the tens digit of b?
3
Let y(o) be the third derivative of -o**5/60 - 3*o**4/8 - 3*o**3/2 + 15*o**2. Let w be y(-8). What is the units digit of -2 + -3 + (67 - w)?
3
Suppose 3*v + 2 - 14 = 4*b, -b + 8 = 2*v. Suppose 9*f - v*f + 15 = 0. Let t = 7 + f. What is the units digit of t?
4
Let y be 0 - 40/(0 + -2). Suppose w = -5*c + 12, -2 = -c - 0. Suppose w*x + 6 = y. What is the units digit of x?
7
Let s(l) = -13*l**2 - 4*l - 1. Let f(t) = t**2 + t + 1. Let b(i) = -5*f(i) - s(i). Let c(a) be the first derivative of b(a). What is the tens digit of c(2)?
3
Suppose 0 = 9*b - 7*b - 6. What is the units digit of (-224)/(-24)*(-18)/(-7) + b?
7
Let u be (-4)/(1 + 12/(-9)). Suppose -6*n = u - 258. What is the units digit of n?
1
Let h(v) = 5*v**2 + 19*v - 45. What is the hundreds digit of h(-9)?
1
Suppose 10 = -3*t - 2*s, -2*t = -3*t + 4*s + 6. Let k be ((-2)/6)/(t/30). Suppose 106 = 3*o + 4*b, 2*o - k*b = -0*o + 63. What is the tens digit of o?
3
Suppose -6793*a + 6781*a = -22200. What is the tens digit of a?
5
Let g(f) = 4*f - 2. Let n be g(11). Let o be (-14)/n + (-23)/3. What is the units digit of 116/14 + o/28?
8
Let j be 1 + 3 + -4 + 60. What is the units digit of j*(-8 - -4)/(-8)?
0
Suppose -837 = p - 10*p. What is the units digit of p?
3
Let g(q) = -2*q. Let v(j) = 3*j - 1. Let b(l) = -4*g(l) - 3*v(l). Let m be b(9). What is the tens digit of ((-3)/m)/(2/108)?
2
Let h(p) = p**3 - 3*p**2 + 4. Let f be h(3). Suppose 8 = f*m, -b - 3*b - 4 = 4*m. Let z = b - -6. What is the units digit of z?
3
Let b = 978 - 52. What is the units digit of b?
6
Suppose -3*c + 2*r = -198, 2*c + r + 32 = 171. What is the units digit of c?
8
Suppose 5*a + 7 = -4*g, -3 + 1 = -2*a - 4*g. What is the tens digit of a/9*(-92 + 3)*3?
8
Suppose 0 = -c - 4*c + a + 52, 4*c - 4*a = 48. Suppose c*j - 12*j = -228. What is the tens digit of j?
1
Suppose 7*a - 4*a = -2*c + 1375, -2*a = -2*c - 910. What is the units digit of a?
7
Suppose -24*b = 20*b - 66792. What is the hundreds digit of b?
5
Let z = -52 + 51. What is the units digit of (z/(-3))/((-12)/(-2664))?
4
Let s = 13 + -13. Suppose s = -5*i + 4*i + 117. What is the hundreds digit of i?
1
Suppose 0 = 6*b - 23 + 11. What is the hundreds digit of 238 + 2*(5/b + -3)?
2
Let w be (-1916)/(-6)*30/20. Suppose -4*q - h = -w, 146 = 2*q - q - 5*h. What is the units digit of q?
1
Let h(l) = -202*l + 84. What is the units digit of h(-6)?
6
Let n(s) = -s**2 + 4*s. Let z be n(3). Suppose 2*d + z*q - 21 = 0, 3*d - q - 18 = -3. Suppose p + 34 = 3*y, 38 = 2*y + 4*p + d. What is the tens digit of y?
1
Let u(m) = 12*m**3 - 2*m**2 + 12. Let f be u(4). Suppose -c = -h - 0*c + 248, -c = -3*h + f. What is the tens digit of h?
5
Let m = 64 - 61. Suppose -a = t - 102, -5*t - 49 + 353 = m*a. What is the hundreds digit of a?
1
Suppose 2*n - 2*y = 351 + 1617, y + 3 = 0. What is the hundreds digit of n?
9
What is the units digit of (-1)/(-3)*(438 + 0/(-5))?
6
Suppose -2*v = v - 15. Suppose 66 = v*q - 139. What is the tens digit of q?
4
Suppose -3*i = -0*i - 15, -4*f + i + 527 = 0. What is the tens digit of (570/f)/((-2)/(-14))?
3
What is the hundreds digit of ((-3)/(-9))/((-7)/(-9534))?
4
Let s = 704 - 347. Suppose 10*k - 1917 = -s. What is the units digit of k?
6
Let x(f) = 26*f**2 + 21*f + 62. What is the units digit of x(-4)?
4
Let b(r) = -r**2 + 2*r + 7. Let v be b(9). What is the units digit of 3 + (3 + -2 - v)?
0
What is the tens digit of (1/(-3))/(9/29484*-4)?
7
Suppose -15*g + 481 + 4634 = 0. Suppose -3*z + 339 = w, -2*w - 5*z = -w - g. What is the hundreds digit of w?
3
Let x(j) be the third derivative of j**5/60 - j**4/4 - 7*j**3/6 - 7*j**2. What is the units digit of x(11)?
8
Let m(t) = -124*t + 76. What is the units digit of m(-4)?
2
Suppose -62*t + 3*t = -238124. What is the thousands digit of t?
4
Suppose 0 = -y - 3*y + 112. Suppose -13 = -a + 2*o, -a + 5*a - 2*o - y = 0. Suppose -3*q + 2 = 5*f - a, -f + 14 = 2*q. What is the units digit of q?
9
Let g(b) = 3*b**3 - 7*b**2 - 17*b + 118. What is the tens digit of g(7)?
8
Suppose 15*d - 11*d + 4*u - 8228 = 0, 4*d = 4*u + 8228. What is the tens digit of d?
5
Let s(a) = -36*a. Let w be s(-4). Let l = w + -85. What is the units digit of l?
9
Let o = 154 + -261. Let k be o/(-5) - (-8)/(-20). Let z = k - 15. What is the units digit of z?
6
Let y(w) = 11*w + 6. Suppose -7*h + 2*h + 20 = 0. What is the units digit of y(h)?
0
Let r = 3416 + -1891. What is the hundreds digit of r?
5
Let c = 1744 + 679. What is the thousands digit of c?
2
Let i(u) = -u**2 - 5*u + 4. Suppose 5*y + 23 - 3 = 0. What is the units digit of i(y)?
8
Let f = 291 - 183. Let w = -76 + f. What is the tens digit of w?
3
Let i = -17 + 40. Let u = i - 17. What is the units digit of u?
6
Suppose -2*t = 5*r - t - 20, 0 = -3*r - t + 10. Suppose 5*s + 3*y + 2*y = 125, r*s - 3*y - 109 = 0. Suppose s - 83 = -5*j. What is the units digit of j?
2
Suppose -621 = -6*v + 2529. What is the tens digit of v?
2
Suppose -344 - 217 = -3*z. What is the hundreds digit of z?
1
Let o = -192 - -568. What is the hundreds digit of o?
3
Suppose -4*j = 4*c - 1256, -5*c - 4*j = -0*c - 1565. Suppose -18*x + 17*x = -c. What is the hundreds digit of x?
3
Let t = 20 + -18. Let r(o) = 11*o**2 - o**3 - 5*o - 8*o - t + 2. What is the tens digit of r(9)?
4
Let b = 43 + -40. Suppose -r - 339 = -5*l, 5*l + b*r + 2*r - 345 = 0. What is the tens digit of l?
6
Let i = -2656 + 4533. What is the units digit of i?
7
Suppose 5*v = -0*v - 45. Let s be (-3)/v - (-1)/(-3). Suppose 7*w - 3*w - 104 = s. What is the units digit of w?
6
Let i(c) = 7*c + 6*c**2 - 2*c + 3*c - 3 - 7*c. What is the units digit of i(3)?
4
Let p = -84 - -86. Suppose 20 = -5*k, 4*k + k - 520 = -5*s. Suppose -4*o + 6 = p*l - 222, -s = -2*o + 2*l. What is the units digit of o?
6
Let a(l) = l**2 + 0 - 3*l**3 - 8 + l**3 + 9 + l. Let q be a(-1). Suppose 0 = p + 2*u - 30, 0 = -2*p - q*u + 8 + 50. What is the tens digit of p?
2
Suppose -3*s - 74 + 473 = 0. Suppose 21 + s = 11*y. What is the units digit of y?
4
Suppose -28083 - 46035 = -33*u. What is the thousands digit of u?
2
Let c be 3 - ((-105)/(-14))/(3/4). Let u(t) = -3*t + 7. What is the units digit of u(c)?
8
Suppose -o + 3*u - 11 = 0, -u = 2*o + 2*u + 31. Let m(t) = t + 17. What is the units digit of m(o)?
3
Suppose 1 = 4*y - 0*a + 3*a, 1 = 5*y + 4*a. Suppose -3*i = -10 + y. Suppose -i*r = -2*r - 15. What is the tens digit of r?
1
Let b be (2/(-4))/(3/(-162)). What is the tens digit of (-292)/(-6) - 18/b?
4
Let u = 130 - -929. What is the tens digit of u?
5
Suppose 0 = -2*t + 3*k + 51, 2*k + 74 = 3*t - 0*k. What is the units digit of t?
4
Let t(a) be the first derivative of